0*q + 39*q**3 + q**2 - 11. List the prime factors of y(18).
7, 19
Let a(r) = -r**2 + 24*r + 37. Let h = -330 - -341. List the prime factors of a(h).
2, 3, 5
Let y(n) = -9*n - 21. Let u(o) be the second derivative of -o**4/12 - o**3/6 - o**2/2 + 43*o. Let s(v) = -3*u(v) - y(v). List the prime factors of s(-4).
2, 3
Let k = -57881 + 81467. List the prime factors of k.
2, 3, 3931
Let c be 100/(-75)*(-9)/4. List the prime factors of (-1)/((3/(-2))/(c - -423)).
2, 71
Suppose -442556 = -188*s + 102*s. What are the prime factors of s?
2, 31, 83
Suppose -8*h - 4 = -4*h. Let x = h + 5. Suppose -d + 67 = x*w, 2*w + 6 = d - 85. What are the prime factors of d?
83
Let k(v) = -3*v + 3*v**3 + 4 - 7*v + 11*v**2 - 4*v**3. Let c be k(10). Suppose 5*i + 190 - 943 = -c*m, -m + 151 = i. List the prime factors of i.
149
Let w = -628 + 11122. List the prime factors of w.
2, 3, 11, 53
Suppose -4*u + 13 = -7*p + 2*p, -5*u + 11 = -p. Suppose 28 = 2*o + u*o. Suppose 9*a - 142 = o*a. List the prime factors of a.
71
List the prime factors of ((-16034)/6)/(8 - (-300)/(-36)).
8017
Let f = -8431 + 40554. What are the prime factors of f?
7, 13, 353
Let p be ((-4)/(-22) - (-1380)/33) + -2. List the prime factors of (180/p)/((-2)/(-140)).
3, 5, 7
Let s be (-6 - (-3 - 4))/(1/118). Let r be (s/(-3))/(-3 + 40/12). Let m = r - -355. What are the prime factors of m?
3, 79
Let n(o) = -3*o**2 + 28*o - 159. Let h(m) = 5*m**2 - 55*m + 319. Let u(k) = -4*h(k) - 9*n(k). What are the prime factors of u(15)?
2, 5
Suppose 0 = u - 23 - 16. Suppose 35*d + 516 = u*d. What are the prime factors of d?
3, 43
Let d(n) = 12*n**2 - 535*n - 234. List the prime factors of d(46).
2, 137
Suppose -3*o + 2*b = -19, o + 2*b - 2 + 1 = 0. Let d be (10 - 2)/(10/730). Suppose 0 = 3*q + q - o*k - 444, -5*q - k = -d. List the prime factors of q.
2, 29
Let v(m) = -m**3 + 434*m + 7*m**2 + 5 + 0*m**2 - 434*m. Let f be v(7). Suppose o + 0*o - 9 = 5*i, -195 = -5*o - f*i. List the prime factors of o.
2, 17
Let i = -11376 - -61092. List the prime factors of i.
2, 3, 1381
Suppose -16 = -4*g, -11587*m + 11584*m - 5*g + 24467 = 0. List the prime factors of m.
29, 281
Let l = -3463 + 11452. What are the prime factors of l?
3, 2663
Suppose 8*d = 11*d - 5040. Suppose 0 = -5*h - 7*h + d. List the prime factors of h.
2, 5, 7
Let u(x) = -5*x + 32. Let v be u(6). Let s be v/(-2 + 4)*241. Let f = s - 143. What are the prime factors of f?
2, 7
Let b(j) = -2*j**2 + 45*j - 22. Let d be b(22). Suppose 2*a - 264 + 76 = d. What are the prime factors of a?
2, 47
Let n(q) = 0*q**3 - 36*q**2 + 60*q**2 + 11 + q**3. Let r be n(-24). Let s(l) = 11*l - 9. What are the prime factors of s(r)?
2, 7
Let h = 127 + -154. Let p = 366 - h. What are the prime factors of p?
3, 131
Suppose -53*m + 128137 + 311763 = 0. What are the prime factors of m?
2, 5, 83
Suppose 4*f + 31 = 3*c, -32 = -15*c + 12*c + 5*f. Suppose -c*d = -4*d - 205. What are the prime factors of d?
41
List the prime factors of 9/(63/28756) - -2.
2, 3, 5, 137
List the prime factors of 12 + 24/(8/(-2)) + -4 + 23055.
23057
Let o(c) = c**2 - 7*c - 8. Let d be o(-4). Suppose d = 58*m - 56*m. List the prime factors of m.
2, 3
Let x(j) = -12*j**2 - 60*j + 10. Let z(t) = 4*t**2 + 20*t - 3. Let h(i) = -6*x(i) - 17*z(i). What are the prime factors of h(-7)?
47
Suppose -3*g = -0*g - 21. Suppose -3069 = -g*z - 934. What are the prime factors of z?
5, 61
Suppose -2*q + 112225 = -3*u, 87*u = -2*q + 89*u + 112222. What are the prime factors of q?
2, 13, 83
Let d(g) = 3075*g**2 - 58*g + 2. List the prime factors of d(2).
2, 3, 677
Let l = -31223 - -56718. What are the prime factors of l?
5, 5099
Suppose -6 = -3*d, -5*d + 2164 = 51*m - 48*m. Let w = 2195 - m. What are the prime factors of w?
7, 211
Let o = -33 - -58. Suppose -o*s = -31*s + 246. Suppose p - 3*a - s = 0, 3*p - 2*a = -7*a + 179. What are the prime factors of p?
53
Let v be 2 + (-1)/((-3)/6). Suppose -4*q + v*z = -6 - 2, 6 = 4*q - 5*z. Suppose 421 = 5*u + q*l, -5*u + l = 243 - 669. List the prime factors of u.
5, 17
Let y(a) = 15*a + 2. Let x be y(-5). Let c = x + 75. Suppose -5*q - 134 = -3*i, -i + 4*i = c*q + 131. List the prime factors of i.
43
Let s = 152 - -144. Suppose 548 = -2*m - 5*x, 0*m - 3*x + s = -m. Let y = -159 - m. What are the prime factors of y?
5
Suppose -43798 = -64*x + 43181 + 165373. What are the prime factors of x?
3943
Suppose -4*l = 3*d + 951, -3*l - 4*d = -2*d + 712. Let i = -19 - l. List the prime factors of i.
5, 43
Let v(r) = r**2 - 25*r - 68. Let u be v(28). Suppose 24*y = 20*y + u. List the prime factors of -8*2*(3 - 38/y).
2, 13
Let o be (-98)/6*(-5)/((-5)/3). Let p be 19/7 + (-14)/o. Suppose -2*s = l - 343, -p*s + l = -7*s + 689. List the prime factors of s.
173
Suppose 51*i = 4*m + 53*i - 94, m = 5*i + 51. Let x = m + 44. What are the prime factors of x?
2, 5, 7
Let o(t) = -16*t - 45. Let c(w) = w**2 - 5. Let g be c(0). Let q be o(g). Let l = q + 8. What are the prime factors of l?
43
Let s = -192 + 181. Let o(m) = m**3 + 11*m**2 + 3*m + 45. What are the prime factors of o(s)?
2, 3
Let t(f) = 2509*f**3 - 6*f**2 + 25*f - 78. List the prime factors of t(3).
2, 3, 29, 389
Let b be (-40489)/171 - (-2)/18*-2. Let t = b + 556. List the prime factors of t.
11, 29
Suppose 3*t - 11 = 2*a, 4*a + 30 = 4*t + 9*a. Suppose 85 = b - 3*w, 3*b - t*w = -b + 347. List the prime factors of b.
2, 11
Suppose -31*d + 1203 = -28*d. Let s = -397 + d. List the prime factors of s.
2
Let d be (12*-429)/(24 + -25). Suppose 0 = -j + 14*j - d. What are the prime factors of j?
2, 3, 11
Let n = 44537 + -31074. List the prime factors of n.
13463
Let b = 3029 + -4367. What are the prime factors of (-6)/(-1) - (3 + b)?
3, 149
Let m(g) = 13*g**2 - 2*g + 8. Suppose -5*l - 11 = -4*l. Let d(a) = -3*a - 31. Let z be d(l). What are the prime factors of m(z)?
2, 7
Let l(v) = 91*v + 8009. Let o be l(-88). Let z be (94/(-6))/((-1)/(-6)). List the prime factors of o*(2 + -1 - -3 - z).
2, 7
Suppose -2*y - 3*f = 0, f = -2*y + 6*f. Suppose 2*u = g + 7, -2*g = g - 3*u + 12. List the prime factors of (16 - 103)*(y + g).
3, 29
Suppose 4*w + 258 = 2*j, -2 = 5*w - 6*w. Let q = j + -69. What are the prime factors of q?
2
Suppose c = -5*f + 684, -2116 = -35*c + 32*c + f. Let o(s) = s**2 + 5. Let r be o(0). Suppose 3*j = h - r*h + c, -5*h + 883 = 3*j. List the prime factors of h.
179
Let m(u) = 169*u - 2. Let z(i) = -i + 1. Let n(p) = m(p) + z(p). What are the prime factors of n(2)?
5, 67
Let v(c) = 40*c**2 + 97*c + 2775. What are the prime factors of v(-24)?
3, 7829
Let q = -24064 + 38621. What are the prime factors of q?
14557
Let t(k) = -107*k + 168. Suppose 0 = 3*m - 5*d + 34, -2*m + m - 28 = -5*d. What are the prime factors of t(m)?
3, 163
Let u(l) = -l**3 - 150*l**2 - l + 3339. What are the prime factors of u(-151)?
61, 431
Let a(q) = q - 2. Let o(z) = -z + 1. Let h be o(5). Let v be a(h). What are the prime factors of 1776/32*(-4)/v?
37
Suppose -5*v + 5*g + 79650 = 0, 0 = 25*v - 22*v + g - 47818. List the prime factors of v.
15937
Let r be 16/(-4)*(0 + (0 - 301)). Suppose -6*o + 806 = -r. What are the prime factors of o?
5, 67
Suppose -24*j = -13489 + 2137. Let s = j - 98. List the prime factors of s.
3, 5
Let o = 41886 - 28561. List the prime factors of o.
5, 13, 41
Suppose -3*a - 27 = -5*z + 16, 2*a = z - 10. Let d be -294*(-3 - z/(-3)). Let k = -77 + d. List the prime factors of k.
3, 7
Let g(q) = 81*q - 2. Let z be g(-1). Let u = 315 + -126. Let l = z + u. List the prime factors of l.
2, 53
Suppose -l + 3*l = 4*g - 30, -2*g + 5*l + 27 = 0. Suppose r + d + g = 10, -8 = -2*d. What are the prime factors of (111/6)/(4/24 - r)?
3, 37
Let b = -17366 + 18457. What are the prime factors of b?
1091
Let w(c) = 38*c**2 - 10*c + 28. Let k be w(-10). Let i be (-22)/99 + k/18. Suppose -2*x = -4*x + i. What are the prime factors of x?
109
Let f(z) = -z**3 + 40*z**2 - 3*z - 196. List the prime factors of f(-17).
2, 13, 157
Suppose h - 1579 = -g - 36, 5*g - h - 7685 = 0. List the prime factors of g.
2, 769
Let n be 8772/33 + 6*1/33. What are the prime factors of 63/(-105) - n/(-10)?
2, 13
Let b(y) = y**3 + 15*y**2 - 3. Let x be b(-15). Let g be 2/((x/2)/(-3)). Suppose -g*j + 61 = 1. List the prime factors of j.
3, 5
Let c = 9 + -5. Let l(k) = 41*k + 11. Let i(b) 